01011001011
Convert 10112222101 (base 3) to base 8.
210517
What is -12000221100211 (base 3) in base 12?
-a90527
c79b (base 16) to base 8
143633
What is 3340441 (base 6) in base 13?
5b9c0
Convert 500497 (base 10) to base 16.
7a311
Convert -89a897 (base 16) to base 3.
-121222100022000
Convert -4c0683 (base 14) to base 6.
-132003523
Convert -44870 (base 12) to base 3.
-11121221210
-1110111012 (base 4) to base 8
-1242506
Convert 13311203020 (base 4) to base 14.
3b694c
What is 2a1b4 (base 12) in base 11?
40396
Convert 3022123 (base 6) to base 14.
3a1b5
-7522 (base 9) to base 16
-1598
What is 3c036e (base 15) in base 10?
2886404
Convert -672674 (base 8) to base 11.
-1453a5
413452145 (base 6) to base 9
14447212
Convert 16eb56 (base 16) to base 5.
341031123
Convert -4b89c4 (base 14) to base 6.
-131402400
What is 277247 (base 9) in base 15?
3528d
What is -375603 (base 8) in base 14?
-354c3
What is -1c4241 (base 13) in base 4?
-2300210010
-858588 (base 12) to base 15
-2b9d3e
What is -11141140400 (base 5) in base 11?
-7029863
What is -279982 (base 13) in base 8?
-3532511
Convert d7a14 (base 14) to base 15.
a43b4
-1d0c62 (base 15) to base 5
-330422132
What is 11101100110010101001 (base 2) in base 8?
3546251
-1563661 (base 7) to base 15
-44671
What is -41589a (base 11) in base 9?
-1225331
What is -29861 (base 11) in base 8?
-122470
What is 223036 (base 8) in base 5?
4402134
What is 1001110001100111 (base 2) in base 8?
116147
What is -24e452 (base 15) in base 9?
-3286235
Convert -1001533 (base 8) to base 15.
-52dd8
Convert 1688127 (base 13) to base 7.
116025141
1590aa9 (base 11) to base 15
387e0e
-58c81 (base 14) to base 9
-358872
Convert -100121001220020 (base 3) to base 5.
-2301134110
-2975233 (base 11) to base 8
-23354661
-113634 (base 10) to base 5
-12114014
Convert 469604 (base 11) to base 2.
10110101110100110111
Convert -377014 (base 13) to base 5.
-320013302
70278 (base 13) to base 15
3e579
Convert 3ced31 (base 16) to base 13.
a9a569
What is 203114 (base 8) in base 16?
1064c
What is 1000200111 (base 4) in base 3?
111102102200
Convert -33944 (base 11) to base 2.
-1011111110011101
Convert -10111000010001100110111 (base 2) to base 14.
-b327b1
-2930e8 (base 16) to base 4
-22103003220
What is 201223212 (base 5) in base 7?
6561243
e285 (base 16) to base 14
171c1
Convert 81442 (base 12) to base 2.
101001000100110010
-11442443 (base 5) to base 9
-175617
Convert -11c26b (base 13) to base 3.
-210200020200
What is 1402443 (base 5) in base 11?
1a458
356734 (base 8) to base 6
2342204
-12048 (base 9) to base 6
-101155
567285 (base 9) to base 14
8bc65
Convert -121232023 (base 4) to base 5.
-11332410
Convert -121011020002 (base 3) to base 6.
-10452132
546479 (base 10) to base 6
15413555
What is 18a329a (base 14) in base 10?
12225048
1350788 (base 12) to base 5
1440243042
Convert 47882d (base 15) to base 13.
929cc2
Convert 3334452 (base 9) to base 13.
4aa9cb
Convert -3498a (base 16) to base 8.
-644612
Convert 122210201012 (base 3) to base 7.
2656454
-1001232430 (base 5) to base 11
-1130591
What is -202e (base 15) in base 13?
-3128
Convert -3011313 (base 5) to base 12.
-23738
Convert addc70 (base 15) to base 9.
16547426
-11621425 (base 8) to base 11
-14a2044
1210203030 (base 4) to base 6
12454420
What is -3420212 (base 6) in base 12?
-84668
Convert a4591 (base 11) to base 16.
25377
What is -3b658d (base 16) in base 8?
-16662615
-12943711 (base 10) to base 15
-120a291
a48cb8 (base 14) to base 5
2410300440
What is -33998 (base 13) in base 5?
-11001140
What is 225001 (base 6) in base 15?
5a6a
123304000 (base 5) to base 6
20534321
What is 4bc00 (base 16) in base 6?
10352240
What is -332310004 (base 5) in base 8?
-5413120
What is 73086 (base 9) in base 3?
2110002220
What is -11020002220122 (base 3) in base 9?
-4202818
352414033 (base 6) to base 15
89a350
Convert -1173337 (base 8) to base 12.
-13833b
Convert -1175735 (base 9) to base 14.
-129697
What is -20447 (base 12) in base 14?
-114b5
411044432 (base 5) to base 2
110010101000111100111
10aaa2 (base 16) to base 3
2001111022000
Convert 5ca59 (base 13) to base 2.
101001101110110101
What is -31032231 (base 4) in base 11?
-37793
Convert 1177547 (base 10) to base 15.
183d82
What is -153209 (base 12) in base 2?
-1010111011001101001
Convert 203013220 (base 4) to base 10.
143848
-5e6912 (base 15) to base 14
-85c189
What is -6947 (base 11) in base 15?
-2a86
What is -11827428 (base 10) in base 13?
-25b15a2
114054502 (base 6) to base 8
10156346
-101001001010010 (base 2) to base 10
-21074
What is 256808 (base 9) in base 6?
3201525
-a8093 (base 11) to base 6
-3211332
What is 2ff9a5 (base 16) in base 14?
5bbb49
c08882 (base 14) to base 9
13162436
-3433233 (base 6) to base 13
-61c86
What is 523658 (base 11) in base 4?
3030322113
Convert 12642d (base 14) to base 2.
10011010010010001001
Convert -133101341 (base 5) to base 16.
-a4d95
What is -12431315 (base 9) in base 6?
-334445152
-1302761 (base 10) to base 9
-2405042
Convert -3204114 (base 7) to base 8.
-1365631
What is -1c86185 (base 14) in base 9?
-28826214
Convert 30122441 (base 5) to base 14.
63201
-79531b (base 13) to base 14
-54909a
What is 1333146 (base 7) in base 8?
530401
What is -55b00 (base 15) in base 16?
-4285b
What is -4030120 (base 6) in base 7?
-1422366
Convert 413070 (base 8) to base 14.
37ba8
Convert 24242142 (base 8) to base 11.
3008498
Convert 21041 (base 14) to base 7.
451111
What is 230200222 (base 4) in base 13?
64ca2
ca0c3 (base 16) to base 2
11001010000011000011
Convert -4807645 (base 11) to base 6.
-455414132
What is -10300141 (base 6) in base 11?
-197990
What is 115ad6a (base 14) in base 5?
4110231042
What is -2a798 (base 13) in base 14?
-2142c
What is -4212241 (base 5) in base 16?
-11040
8836 (base 12) to base 11
10313
Convert 14004441 (base 6) to base 15.
9382d
10100010001000100 (base 2) to base 14
22376
What is 20212020002 (base 3) in base 5?
13310104
616a4 (base 11) to base 3
11120110222
Convert 120001223 (base 4) to base 10.
98411
Convert 100101120101 (base 3) to base 16.
2d214
266524 (base 8) to base 13
33752
What is -538de (base 15) in base 5?
-31442014
What is 5bb1 (base 15) in base 2?
100110000111100
-54641511 (base 7) to base 12
-16a7649
1000000100111100111011 (base 2) to base 9
3876515
159929 (base 13) to base 2
10000010101110000011
14124 (base 13) to base 14
d980
Convert -6476648 (base 10) to base 3.
-110012001021212
What is 67476 (base 13) in base 10?
187518
Convert 11224140 (base 5) to base 12.
4aaab
What is 301221 (base 10) in base 8?
1114245
What is 266311 (base 10) in base 16?
41047
333011033 (base 4) to base 10
258383
Convert -15627 (base 9) to base 8.
-24735
What is 35c91c (base 13) in base 15?
1a5949
133992 (base 10) to base 8
405550
Convert -197c1e (base 15) to base 2.
-100101111000100001010
Convert -6a17a (base 14) to base 7.
-2123613
What is -92016 (base 15) in base 9?
-774253
6a553 (base 14) to base 8
771655
What is 10110101001011111110111 (base 2) in base 6?
331130435
Convert -1992417 (base 10) to base 15.
-29552c
What is -30113311321 (base 4) in base 7?
-36365635
What is 3473644 (base 8) in base 13?
272733
122201302 (base 4) to base 8
324162
Convert -431320213 (base 6) to base 13.
-1772457
Convert 1227757 (base 9) to base 3.
1020221211221
What is 343310 (base 5) in base 14?
46ca
What is 351341 (base 9) in base 5?
23222321
What is -2f754 (base 16) in base 13?
-6a62c
What is -1ab603 (base 15) in base 10?
-1304103
What is -19445421 (base 10) in base 2?
-1001010001011011010101101
50131246 (base 7) to base 11
237a107
220915 (base 12) to base 11
33a058
1110011212112 (base 3) to base 9
1404775
-120221201110 (base 3) to base 7
-2445303
What is -bc6d32 (base 14) in base 6?
-345031344
Convert -100133033103 (base 4) to base 14.
-80724b
What is 1008500 (base 9) in base 11?
337a69
Convert -1db9140 (base 14) to base 8.
-71063704
15025102 (base 8) to base 15
477e2a
121111112101 (base 3) to base 4
1033102321
What is -409873 (base 12) in base 16?
-f7197
Convert 201220302 (base 6) to base 16.
343f8e
2d36c (base 16) to base 2
101101001101101100
What is -200413 (base 13) in base 6?
-23533034
208552 (base 10) to base 11
132763
-82921 (base 13) to base 7
-1664320
3230111131 (base 5) to base 9
13844080
636 (base 7) to base 12
229
What is -1121362 (base 